{"id":30,"date":"2024-03-03T02:25:18","date_gmt":"2024-03-03T02:25:18","guid":{"rendered":"https:\/\/oroscents.com\/?post_type=product&#038;p=30"},"modified":"2024-03-16T22:28:56","modified_gmt":"2024-03-16T22:28:56","slug":"spray-rooms-jazmin","status":"publish","type":"product","link":"https:\/\/oroscents.com\/index.php\/product\/spray-rooms-jazmin\/","title":{"rendered":"Spray Rooms  Rainforest jasmine"},"content":{"rendered":"<p>&nbsp;<\/p>\n<p>Nuestra f\u00f3rmula \u00fanica no solo proporciona una experiencia arom\u00e1tica envolvente, sino que tambi\u00e9n ayuda a neutralizar los olores no deseados, dejando una sensaci\u00f3n de pureza y calma en el aire. El jazm\u00edn, conocido por sus propiedades relajantes, crea un ambiente tranquilo que invita a la relajaci\u00f3n y el bienestar.<\/p>\n<p>El pr\u00e1ctico pulverizador permite una aplicaci\u00f3n f\u00e1cil y uniforme en cualquier habitaci\u00f3n, desde dormitorios hasta salas de estar. Ya sea que desees transformar tu hogar en un oasis de paz o simplemente desees disfrutar de un toque sutil de jazm\u00edn, nuestro spray para habitaciones es la elecci\u00f3n perfecta.<\/p>\n<p>Sum\u00e9rgete en la elegancia arom\u00e1tica del jazm\u00edn con cada pulverizaci\u00f3n, elevando tu experiencia diaria y creando un ambiente acogedor y armonioso. Descubre la magia de la naturaleza en cada rinc\u00f3n de tu hogar con nuestro spray de jazm\u00edn<\/p>\n","protected":false},"excerpt":{"rendered":"<p>Experimenta la serenidad y la frescura con nuestro spray para habitaciones con fragancia de jazm\u00edn. Este exquisito aerosol ha sido cuidadosamente formulado para llenar tus espacios con la delicadeza y la dulzura de las flores de jazm\u00edn en plena floraci\u00f3n.<\/p>\n<p>Jasmine<br \/>\nTop notes: jasmine, lily of the valley<br \/>\nMiddle note: white floral orange blossom<br \/>\nBase notes: sandalwood, ambergris, vanilla<\/p>\n<p>Capacidad: 180ml<\/p>\n","protected":false},"featured_media":31,"comment_status":"closed","ping_status":"closed","template":"","meta":{"inline_featured_image":false},"product_cat":[19],"product_tag":[],"_links":{"self":[{"href":"https:\/\/oroscents.com\/index.php\/wp-json\/wp\/v2\/product\/30"}],"collection":[{"href":"https:\/\/oroscents.com\/index.php\/wp-json\/wp\/v2\/product"}],"about":[{"href":"https:\/\/oroscents.com\/index.php\/wp-json\/wp\/v2\/types\/product"}],"replies":[{"embeddable":true,"href":"https:\/\/oroscents.com\/index.php\/wp-json\/wp\/v2\/comments?post=30"}],"wp:featuredmedia":[{"embeddable":true,"href":"https:\/\/oroscents.com\/index.php\/wp-json\/wp\/v2\/media\/31"}],"wp:attachment":[{"href":"https:\/\/oroscents.com\/index.php\/wp-json\/wp\/v2\/media?parent=30"}],"wp:term":[{"taxonomy":"product_cat","embeddable":true,"href":"https:\/\/oroscents.com\/index.php\/wp-json\/wp\/v2\/product_cat?post=30"},{"taxonomy":"product_tag","embeddable":true,"href":"https:\/\/oroscents.com\/index.php\/wp-json\/wp\/v2\/product_tag?post=30"}],"curies":[{"name":"wp","href":"https:\/\/api.w.org\/{rel}","templated":true}]}}